
13
Let f(s) = 9*s - 6 + 4*s + 2 - 11. What are the prime factors of f(15)?
2, 3, 5
Let f(i) be the second derivative of i**4 + i**3/2 + 13*i**2/2 - 11*i. What are the prime factors of f(-3)?
2, 7
Let v(l) = 4*l**2 - 34*l - 40. List the prime factors of v(15).
2, 5, 7
Let n(u) be the third derivative of u**4/24 - u**3/3 - 5*u**2. Let a be n(4). Suppose 6 = a*x - 6. List the prime factors of x.
2, 3
Suppose 5*q + 0*m - 2*m = 6676, -2*q + 2674 = -2*m. What are the prime factors of q?
2, 23, 29
Suppose -3*f + 69 = 2*s + 523, 0 = 3*f + 6. Let y = s + 344. Suppose 2*c - y = -3*c. What are the prime factors of c?
2, 3
Let h(f) = -62*f**3 + 11*f**2 + 5*f + 1. List the prime factors of h(-3).
1759
Suppose 5*i + 5 = 0, -169 = -5*b - 2*i + 594. What are the prime factors of b?
3, 17
Let l = -19 + 26. Let q = 11 - l. Suppose 4*y - q = 24. What are the prime factors of y?
7
Suppose 32*x = -12*x + 13816. List the prime factors of x.
2, 157
Suppose 408 = -20*r + 8*r. Let s = 110 + r. List the prime factors of s.
2, 19
Let n(d) = -d**3 + 14*d**2 + 14*d - 8. List the prime factors of n(8).
2, 61
Let w = -187 + 732. What are the prime factors of 2*(w/(-2))/(-5)?
109
Let g be (10/(-15))/((-4)/(-42)). Let s = g - -11. What are the prime factors of s?
2
Let l(x) = -x**3 - 8*x**2 + 6*x - 6. Suppose -10 - 17 = 3*m. What are the prime factors of l(m)?
3, 7
Let n = 80 - 44. Suppose -n*z + 37*z = 123. List the prime factors of z.
3, 41
Let z = 846 - 536. List the prime factors of z.
2, 5, 31
Suppose 4*x + 16 = -4. Let o = -56 - -109. Let n = x + o. What are the prime factors of n?
2, 3
Let x = -5 - -13. Suppose 0 = -5*d + 2 + x. Suppose 19 = h + 2*c, -3*c - 89 = -4*h + d*c. What are the prime factors of h?
3, 7
Suppose 0*w + w - 3*u - 812 = 0, 796 = w + 5*u. Suppose -f - 12*f = -w. What are the prime factors of f?
2, 31
Suppose -4 = u - 3*a - 0*a, 0 = -4*a + 8. Suppose u*w + 3*w - 112 = -3*c, 0 = -3*c + 12. List the prime factors of (-24)/(-20)*w/8.
3
Suppose -5*z + 39 + 6 = 0. Suppose -4*u - 52 = -2*n, u - 18 = -2*n + z. Suppose -n = -h - 2. What are the prime factors of h?
2, 7
Suppose -32 = -268*c + 264*c. What are the prime factors of c?
2
Let z = 8033 - 4069. What are the prime factors of z/18 - 60/270?
2, 5, 11
Let h be (7/2 + -4)*106. Let o = h + 106. List the prime factors of o.
53
Let v = 645 - 63. List the prime factors of v.
2, 3, 97
Let n(z) = z**2 - 8*z + 8. Let w be n(9). What are the prime factors of (4/3 - 1)/(w/4029)?
79
Let y = 10 - 10. Suppose -4*p - s + 20 = y, -p + 4*p = -3*s + 15. Suppose 3*g - 156 = -4*t, 0*g + p*g - 3*t - 289 = 0. What are the prime factors of g?
2, 7
Suppose 4*c + 3*f + 24 = 0, 6*c - f = 3*c - 5. Let i(j) = -2*j**3 - j**2 - 2*j + 5. What are the prime factors of i(c)?
2, 7
Let t = 43 - 41. Suppose 0 = -t*b - 12 + 92. List the prime factors of b.
2, 5
Suppose a = -0*a - 3*h, -a = -5*h. Suppose a = 2*w - 14 - 12. Suppose 3*r - w = -2*m + 60, 2 = 2*r. List the prime factors of m.
5, 7
Suppose -9*y + 0*y + 3618 = 0. List the prime factors of y.
2, 3, 67
Let v = -9 - -32. Let r = 17 + v. List the prime factors of r.
2, 5
Let m(d) = d + 1. Suppose c - 7 = -2. Let x(p) = p**3 - 4*p**2 - 4*p + 2. Let l be x(c). What are the prime factors of m(l)?
2
Suppose 313 + 75 = 2*p. Suppose 0 = -3*l - 11 + p. What are the prime factors of l?
61
Let v(r) = -3*r - 15. Let a be v(-5). Suppose -3*i - i + 144 = a. What are the prime factors of i?
2, 3
Let y be (-8)/(-5) - 1 - (-27)/5. Suppose y*l - 276 = 2*l. List the prime factors of l.
3, 23
What are the prime factors of ((620/5)/1)/((-8)/(-32))?
2, 31
Let w = 16 - 11. Suppose -k + 3*k - 288 = 3*f, -3*f + 741 = w*k. Suppose -3*n = 2*n - b - k, -2*n + 60 = -b. What are the prime factors of n?
29
Let i be (3/(-6))/((-1)/4). Let a be 6/i + 5 + -8. Suppose a = 2*u + 39 - 111. List the prime factors of u.
2, 3
Suppose -4*d = -0*d - 16. Suppose 5*k - d*k - 5 = 0. Suppose -40 = -7*p + k*p. What are the prime factors of p?
2, 5
Let n(h) = 37*h**3 - 5*h**2 + 11*h + 1. What are the prime factors of n(2)?
13, 23
Let p(j) = -j - 9. Let w be p(-6). Let c be (-1 + -9)*(w - -1). List the prime factors of (c/1 - 1)/1.
19
Suppose 72 = -5*l - 2*n + 18, 4*l - 2*n = -36. What are the prime factors of (290/(-25))/(2/l)?
2, 29
Let f = 6644 - 2692. What are the prime factors of f?
2, 13, 19
Let q(w) = 12*w**2 + 7*w - 5. Let y(n) = 36*n**2 + 20*n - 15. Let f(z) = -11*q(z) + 4*y(z). List the prime factors of f(2).
7
Let w = 387 - 197. List the prime factors of w.
2, 5, 19
Suppose 47*q = 33*q + 15176. List the prime factors of q.
2, 271
Let l(p) = 3*p**3 + 25*p - 40. List the prime factors of l(9).
2, 593
Let b(u) = -u**3 - 12*u**2 - 2*u + 5. Let t be b(-9). List the prime factors of 1/(-3) - t/12.
2, 3
Suppose -9*c = -13*c - 3*r + 2442, c - 607 = r. What are the prime factors of c?
3, 7, 29
Suppose -3*x = -o + 2*o - 179, 3*x - 2*o = 164. Let u = 20 + -34. Let j = u + x. List the prime factors of j.
2, 11
Let u(b) = 80*b - 310. What are the prime factors of u(9)?
2, 5, 41
Suppose 42*u - 28739 - 130525 = 0. What are the prime factors of u?
2, 3, 79
Let f(z) = -z**2 - 8*z + 2. Let m be f(-3). Suppose -10*p + m*p - 917 = 0. List the prime factors of p.
131
Suppose -5*l + l + 56 = 0. Let k(h) = -h**2 + 16*h - 25. Let m be k(l). List the prime factors of 23 + (7 - m)/1.
3
Let g = 1 + 0. List the prime factors of ((-84)/(-4) - -4)*g.
5
Let p(x) = 11 - 2*x**2 - x - 3 + x**2. Let w be p(-6). Let m = w + 48. What are the prime factors of m?
2, 13
Let q = 275 - 41. Suppose 0 = 34*o - 32*o - q. List the prime factors of o.
3, 13
Let v(a) = -14*a - 28. Let p be v(-6). Suppose 0 = 2*s - 4*s + p. What are the prime factors of s?
2, 7
Let n = -44 + 199. Suppose -o + n = -6*o. What are the prime factors of -5 - -7 - (2 + o)?
31
Let z(x) = 60*x - 10. What are the prime factors of z(11)?
2, 5, 13
Let d(t) = 7*t - 15. Let k(u) = 36*u - 74. Let n(a) = -14*d(a) + 3*k(a). Let s be n(-5). What are the prime factors of s*(-4)/8 + 2?
3, 11
Let g = 556 - -710. What are the prime factors of g?
2, 3, 211
Suppose 2*v = 0, 4*t - 36 - 916 = -v. List the prime factors of t.
2, 7, 17
Suppose 0*z - 80 = 4*z. What are the prime factors of 205/4 - 15/z?
2, 13
Suppose 0 = w + 2*m - 4, -4*m = w + 2*w - 8. Suppose -z + 38 = 3*j - w*z, 2*j - z - 27 = 0. What are the prime factors of j?
13
Let y(f) = -f**3 - 7*f**2 - 8*f + 4. Let h be y(-7). Suppose 20 + h = 4*v. What are the prime factors of v?
2, 5
Let s(g) = 14*g**2 - 5 + 20*g + 19*g**2 - 16*g. What are the prime factors of s(2)?
3, 5
Suppose 0 = 3*u - 0*u + 2*w - 15, 3*u - 2*w - 3 = 0. Suppose 4*o + o - 4*l - 663 = 0, l + 395 = u*o. What are the prime factors of o?
131
Suppose 3*k - 12 = -k - 3*q, -k + 4*q = -3. Suppose -40 = k*y + y. Let d = 37 - y. What are the prime factors of d?
47
Let a(x) = -77*x**2 - 4*x + 3. Let r(z) = -309*z**2 - 17*z + 13. Let u(b) = -9*a(b) + 2*r(b). Let y be u(1). Let p = -27 + y. List the prime factors of p.
7
Let r = -6 - -13. Suppose 0 = -6*y + 170 - 8. Let p = y - r. What are the prime factors of p?
2, 5
Suppose -444 = 45*a - 43*a. List the prime factors of ((-28)/21)/(2/a).
2, 37
Suppose 5*r - 4937 = 2*n, 197 = -4*r - 4*n + 4169. List the prime factors of r.
23, 43
What are the prime factors of (-17517)/(-4)*(-300)/(-225)?
5839
Suppose 4*x + y - 4*y - 3769 = 0, -4*x + 2*y + 3774 = 0. What are the prime factors of x?
2, 11, 43
Suppose 18 - 3 = 5*u. Suppose 88 = u*j + j. List the prime factors of j.
2, 11
Let q(y) = -2*y - 49. Let j be q(-15). Let g = 36 + j. What are the prime factors of g?
17
Let t(b) = -b**3 - b**2 + 3*b - 2. Suppose -3*z = -3*f + 60, 2*f + 2*z - 6*z - 50 = 0. Suppose -f = 2*g + 3*g. List the prime factors of t(g).
7
Let d(g) = 7*g - 11. Let k(j) = -2*j - 1. Let f be k(2). Let s be d(f). Let c = 84 + s. What are the prime factors of c?
2, 19
Let c(x) = x**3 - 2*x**2 - 2*x - 1. Let a be c(-1). Let p be (a/(-4))/(6/(-324)). What are the prime factors of ((-16)/(-12))/((-6)/p)?
2, 3
Let s(x) = 26*x**2 + 3*x - 20. Let i be s(-8). Suppose -4*d - i = -19*d. What are the prime factors of d?
2, 3
Suppose -26714 = -67*y + 48*y. List the prime factors of y.
2, 19, 37
Let f(c) = -3*c**3 + 16*c**2 - 19*c. What are the prime factors of f(-7)?
2, 7, 139
List the prime